480 is divided by 878.
58
What is the remainder when 98710357 is divided by 2111?
2108
Calculate the remainder when 38767 is divided by 593.
222
What is the remainder when 2319126 is divided by 772936?
318
Calculate the remainder when 6569462 is divided by 6569434.
28
What is the remainder when 77416 is divided by 25548?
772
What is the remainder when 2581928 is divided by 860640?
8
Calculate the remainder when 13013770 is divided by 2296.
42
What is the remainder when 2114506 is divided by 95?
91
Calculate the remainder when 171498 is divided by 749.
726
What is the remainder when 5941574 is divided by 242?
232
Calculate the remainder when 2056650 is divided by 3232.
1098
Calculate the remainder when 630932 is divided by 391.
249
Calculate the remainder when 5037380 is divided by 47522.
48
What is the remainder when 3969027 is divided by 44099?
117
What is the remainder when 2121316 is divided by 75760?
36
What is the remainder when 118875207 is divided by 11301?
11289
What is the remainder when 41582 is divided by 13449?
1235
Calculate the remainder when 24923 is divided by 4145.
53
What is the remainder when 272917 is divided by 689?
73
Calculate the remainder when 8648528 is divided by 391.
390
Calculate the remainder when 1249 is divided by 329.
262
What is the remainder when 1425768 is divided by 95051?
3
What is the remainder when 2564832 is divided by 3587?
127
What is the remainder when 216016 is divided by 1177?
625
What is the remainder when 83065 is divided by 2371?
80
Calculate the remainder when 72922400 is divided by 8444.
16
What is the remainder when 42840546 is divided by 6022?
38
What is the remainder when 2391461 is divided by 204?
173
What is the remainder when 451928 is divided by 212?
156
What is the remainder when 3920868 is divided by 1306949?
21
Calculate the remainder when 99201 is divided by 19568.
1361
What is the remainder when 111032 is divided by 55251?
530
Calculate the remainder when 253354 is divided by 648.
634
What is the remainder when 88790 is divided by 318?
68
Calculate the remainder when 2772303 is divided by 163075.
28
What is the remainder when 29274853 is divided by 15?
13
What is the remainder when 21190 is divided by 9166?
2858
What is the remainder when 15302 is divided by 15068?
234
Calculate the remainder when 18173 is divided by 823.
67
Calculate the remainder when 26279012 is divided by 293.
135
Calculate the remainder when 62954725 is divided by 363.
361
What is the remainder when 7289252 is divided by 239?
230
What is the remainder when 47642 is divided by 2191?
1631
What is the remainder when 3010429 is divided by 430057?
30
What is the remainder when 907365 is divided by 28?
25
What is the remainder when 1622027 is divided by 298?
13
Calculate the remainder when 2685953 is divided by 671227.
1045
What is the remainder when 106905 is divided by 2689?
2034
What is the remainder when 523295 is divided by 277?
42
What is the remainder when 1180338 is divided by 786?
552
What is the remainder when 177539 is divided by 44383?
7
What is the remainder when 1196990596 is divided by 20?
16
Calculate the remainder when 4742 is divided by 4547.
195
What is the remainder when 72210213 is divided by 1346?
5
What is the remainder when 609170 is divided by 24331?
895
Calculate the remainder when 703244 is divided by 7230.
1934
Calculate the remainder when 199708 is divided by 1382.
700
Calculate the remainder when 19629 is divided by 2384.
557
What is the remainder when 3118641 is divided by 129923?
489
What is the remainder when 4184191 is divided by 13585?
11
What is the remainder when 1208230 is divided by 4241?
3786
Calculate the remainder when 1072261 is divided by 3586.
47
Calculate the remainder when 12512976 is divided by 1110.
1056
Calculate the remainder when 105901 is divided by 35298.
7
Calculate the remainder when 12453076 is divided by 91.
90
Calculate the remainder when 891925 is divided by 299.
8
What is the remainder when 10736 is divided by 1148?
404
What is the remainder when 438215 is divided by 219?
215
Calculate the remainder when 38952355 is divided by 983.
980
Calculate the remainder when 20192680 is divided by 10096326.
28
Calculate the remainder when 3294915 is divided by 6512.
6355
What is the remainder when 36954919 is divided by 109?
104
Calculate the remainder when 49045599 is divided by 58.
45
What is the remainder when 2850961 is divided by 293?
71
Calculate the remainder when 3601406 is divided by 288.
254
What is the remainder when 27334943 is divided by 468?
467
What is the remainder when 3189497 is divided by 1594712?
73
What is the remainder when 836211 is divided by 164?
139
Calculate the remainder when 341800 is divided by 1018.
770
Calculate the remainder when 11052830 is divided by 1568.
1566
What is the remainder when 159407 is divided by 1775?
1432
What is the remainder when 18529 is divided by 1160?
1129
What is the remainder when 527024286 is divided by 175674752?
30
Calculate the remainder when 27723143 is divided by 22.
19
Calculate the remainder when 150093766 is divided by 24.
22
What is the remainder when 2939613 is divided by 2019?
1968
What is the remainder when 837372 is divided by 16?
12
Calculate the remainder when 10498662 is divided by 36.
18
What is the remainder when 21669015 is divided by 2326?
2325
Calculate the remainder when 4065047 is divided by 254050.
247
Calculate the remainder when 590993 is divided by 7309.
6273
What is the remainder when 46093637 is divided by 251?
248
Calculate the remainder when 665658 is divided by 962.
916
Calculate the remainder when 393823 is divided by 16351.
1399
Calculate the remainder when 303928 is divided by 101013.
889
What is the remainder when 2614944 is divided by 1259?
1
What is the remainder when 1302519 is divided by 1746?
3
Calculate the remainder when 5894984 is divided by 132.
128
What is the remainder when 676598 is divided by 11865?
293
What is the remainder when 10257085 is divided by 53?
48
Calculate the remainder when 10929 is divided by 3206.
1311
What is the remainder when 89239 is divided by 2167?
392
What is the remainder when 57367819 is divided by 20?
19
Calculate the remainder when 1285573 is divided by 2282.
807
What is the remainder when 124616 is divided by 41315?
671
Calculate the remainder when 72822 is divided by 934.
904
What is the remainder when 60283 is divided by 14299?
3087
Calculate the remainder when 453828 is divided by 342.
336
What is the remainder when 148547 is divided by 8727?
188
What is the remainder when 2706027 is divided by 225451?
615
Calculate the remainder when 9976 is divided by 4538.
900
Calculate the remainder when 14659595 is divided by 2680.
2675
What is the remainder when 105828 is divided by 697?
581
Calculate the remainder when 662303 is divided by 131389.
5358
Calculate the remainder when 5832737 is divided by 112.
1
What is the remainder when 991756 is divided by 1265?
1261
Calculate the remainder when 50719380 is divided by 25359663.
54
Calculate the remainder when 75290808 is divided by 10.
8
Calculate the remainder when 23212686 is divided by 185.
181
What is the remainder when 92362 is divided by 2878?
266
What is the remainder when 34087 is divided by 902?
713
Calculate the remainder when 11038330 is divided by 34.
26
Calculate the remainder when 42439 is divided by 2268.
1615
Calculate the remainder when 6489553 is divided by 76.
65
Calculate the remainder when 922005 is divided by 274.
269
Calculate the remainder when 5539007 is divided by 5538913.
94
What is the remainder when 1080555 is divided by 1810?
1795
What is the remainder when 91509 is divided by 5080?
69
Calculate the remainder when 67149112 is divided by 860886.
4
Calculate the remainder when 1798730 is divided by 194.
156
Calculate the remainder when 10168257 is divided by 184872.
297
Calculate the remainder when 79398631 is divided by 328.
327
Calculate the remainder when 749733 is divided by 22.
17
Calculate the remainder when 77146437 is divided by 840.
837
Calculate the remainder when 16447 is divided by 3125.
822
What is the remainder when 663412 is divided by 17458?
8
Calculate the remainder when 589584958 is divided by 108.
106
Calculate the remainder when 2056066 is